. Determine y(-3).
8
Let t(h) = h**3 - 11*h**2 + 17*h - 74. Determine t(10).
-4
Let z(y) = 4*y**3 - y**2 - 3*y - 2. Calculate z(-1).
-4
Let a(i) = -4*i - 1. Determine a(2).
-9
Let u(n) = 7*n + 86. Determine u(-11).
9
Let a(l) = -l - 3. What is a(-2)?
-1
Let w(r) = 2*r**3 - r**2 + 32. Calculate w(0).
32
Let p(s) = -s**3 + 4*s**2 + 7*s - 6. Calculate p(4).
22
Let t(a) = 28*a**3 - 1. Calculate t(1).
27
Let z(k) = -k**3 + 6*k**2 + 9*k + 11. Give z(8).
-45
Let t(g) = g**3 + 7*g**2 + 5. What is t(-7)?
5
Let l(f) = f**2 - 7*f. Determine l(6).
-6
Let t(z) = -z - 5. Determine t(-2).
-3
Let f(m) = -66*m + 730. Give f(11).
4
Let a(s) = -s**3 + 2*s**2 - 1. Calculate a(4).
-33
Let j(k) = k**3 - 2*k**2 + 3*k + 3. Determine j(3).
21
Let t(a) = -a**2 - 3*a - 18. Give t(0).
-18
Let d(w) = -7*w**2 + 5*w - 4. What is d(3)?
-52
Let o(d) = -d**2 + 16*d - 37. Calculate o(3).
2
Let z(w) = -7*w**2 - 4*w - 2. What is z(-1)?
-5
Let m(f) = -f**3 - 8*f**2 - 10*f + 1. Give m(-7).
22
Let h(g) = 77*g + 310. What is h(-4)?
2
Let o(a) = a**3 - 2*a**2. Give o(2).
0
Let v(h) = -11*h**2 + 2. Give v(-1).
-9
Let p(b) = -b**2 + 48*b - 312. Give p(8).
8
Let u(a) = a**2 + 2*a - 94. What is u(10)?
26
Let h(y) = y**2 + y - 2. What is h(2)?
4
Let a(v) = v**2 - 2*v - 50. What is a(6)?
-26
Let t(l) = -2*l**2 + 41*l - 16. What is t(21)?
-37
Let t(q) = q**2 - 4. Give t(-2).
0
Let s(b) = -4*b - 8. What is s(-7)?
20
Let z(l) = 2*l**2 - 17*l - 13. What is z(9)?
-4
Let q(j) = -3*j**3 - j**2 - 2*j - 8. Give q(0).
-8
Let p(o) = 3*o + 7. Determine p(-6).
-11
Let x(d) = -49*d**2. Give x(-1).
-49
Let m(i) = i**3 - 20*i**2 + 1. Calculate m(20).
1
Let k(n) = -n**2 + 2*n + 37. What is k(-5)?
2
Let t(b) = -4*b + 12. Give t(5).
-8
Let f(k) = 2*k + 12. What is f(-4)?
4
Let r(y) = y**2 + 20*y - 40. What is r(-23)?
29
Let r(q) = -6*q + 3. What is r(3)?
-15
Let q(j) = j**2 - 5*j + 5. Determine q(7).
19
Let r(y) = 41*y + 11. What is r(3)?
134
Let y(v) = -4*v - 31. Give y(-6).
-7
Let y(j) = -j**3 - 7*j**2 + j - 5. Give y(-7).
-12
Let q(k) = 4*k + 22. Calculate q(-5).
2
Let x(u) = -u**3 - 11*u**2 - 8*u + 12. Give x(-10).
-8
Let i(d) = d**2 + 30*d - 11. Determine i(-30).
-11
Let t(v) = -v**3 + 14*v**2 + 2*v - 13. What is t(14)?
15
Let y(r) = 3*r - 54. Give y(20).
6
Let s(m) = m**2 + 1. Calculate s(0).
1
Let c(l) = -l**2 + 7*l - 6. Calculate c(7).
-6
Let i(x) = -7*x**2 - 4*x + 10. Give i(-2).
-10
Let g(m) = m**3 - 12*m**2 - 13. Calculate g(12).
-13
Let i(f) = -f - 6. Give i(-8).
2
Let v(k) = 5*k - 2. Determine v(-1).
-7
Let p(v) = v**2 - 12*v + 20. Calculate p(6).
-16
Let b(m) = 14*m + 24. Calculate b(-4).
-32
Let i(p) = -3*p - 1. Give i(3).
-10
Let y(o) = 12*o**2 + 40*o + 10. What is y(-3)?
-2
Let x(l) = -15*l. Determine x(3).
-45
Let m(g) = -g**2 + 16*g - 18. What is m(15)?
-3
Let m(w) = -2*w**2 + 6*w + 9. Calculate m(-3).
-27
Let z(s) = 36*s - 214. Give z(6).
2
Let k(j) = 4*j - 57. What is k(23)?
35
Let n(w) = -w**3 + 2*w**2 + 18*w + 8. What is n(-3)?
-1
Let o(m) = -5*m - 3. What is o(3)?
-18
Let w(j) = j**3 - 5*j**2 - 6*j + 24. Give w(4).
-16
Let r(x) = -x**3 + 12*x**2 - 7*x - 56. Give r(11).
-12
Let i(c) = 10*c**2 + 3*c - 5. Give i(3).
94
Let t(z) = -2*z + 6. Give t(-4).
14
Let r(m) = -m**3 - 10*m**2 + 12. Determine r(-10).
12
Let u(i) = i**3 - 12*i**2 + 8*i + 16. Determine u(11).
-17
Let s(w) = w**2 - 7*w - 101. Give s(13).
-23
Let s(l) = -l**3 - 4*l**2 + l - 27. What is s(-5)?
-7
Let p(y) = -8*y + 2. Give p(6).
-46
Let m(y) = -y**2 - 9*y - 27. What is m(-5)?
-7
Let q(h) = 5*h - 6. Calculate q(6).
24
Let y(b) = -b**3 + 20*b**2 + 2*b - 26. Determine y(20).
14
Let a(l) = -2*l**2 - 3*l - 3. Calculate a(-1).
-2
Let g(r) = 2*r**2 - 12*r + 4. Calculate g(5).
-6
Let s(t) = t + 20. Give s(-7).
13
Let o(n) = -n + 12. What is o(5)?
7
Let n(l) = -4*l - 19. Determine n(-5).
1
Let p(a) = -a**3 - 10*a**2 - 10*a - 10. What is p(-9)?
-1
Let o(x) = x**3 - 5*x**2 - 2*x - 7. Calculate o(5).
-17
Let j(o) = -o**3 - 25*o**2 - 2*o - 50. Calculate j(-25).
0
Let x(h) = 4*h**2 + 18*h + 6. Give x(-5).
16
Let y(w) = -w**3 + 9*w**2 - 6*w + 8. Determine y(8).
24
Let a(m) = 2*m**3 + 7*m**2 + 7. Calculate a(-4).
-9
Let z(y) = -18*y**3 + 4*y**2 - 6*y - 4. Calculate z(2).
-144
Let q(p) = 8*p + 5. Give q(1).
13
Let r(j) = 2*j**3 + 8*j**2 - 28*j - 17. Give r(-6).
7
Let d(b) = -8*b**2 - b + 1. What is d(-4)?
-123
Let p(x) = -2*x - 6. Give p(-1).
-4
Let k(w) = -7*w**3 + w**2 - 1. What is k(-1)?
7
Let l(k) = -17*k - 274. Give l(-17).
15
Let b(i) = 22*i - 5. What is b(-1)?
-27
Let b(g) = -3*g**2 - 23*g + 9. Calculate b(-8).
1
Let p(q) = -q**2 - 9*q + 16. Give p(-11).
-6
Let o(k) = k + 1. Give o(3).
4
Let c(q) = -q**2 + 4*q + 7. Calculate c(5).
2
Let p(u) = -3*u**3 - 115*u**2 - 40*u - 81. Calculate p(-38).
-5
Let f(u) = -u**2 + 2*u - 1. Calculate f(-2).
-9
Let x(t) = -t**2 + 22*t - 53. Calculate x(3).
4
Let x(w) = -2*w + 16. Give x(-8).
32
Let s(c) = -2*c + 35. Give s(17).
1
Let y(h) = 14*h + 57. What is y(-5)?
-13
Let l(q) = -q**2 + 23*q + 1. What is l(19)?
77
Let b(v) = 3*v + 25. Determine b(-15).
-20
Let z(a) = -16*a**3 - a + 2. Give z(1).
-15
Let d(n) = -29*n**3 - 2*n**2 + 1. Give d(1).
-30
Let b(w) = 3*w + 12. Give b(-5).
-3
Let i(l) = l**2 - 10*l + 11. Determine i(9).
2
Let u(n) = n**3 - 2*n**2 + 4*n - 2. Determine u(4).
46
Let v(f) = -f**3 + 4*f**2 + 5*f. What is v(4)?
20
Let t(a) = -5*a + 1. Give t(-11).
56
Let n(s) = 58*s + 294. Calculate n(-5).
4
Let k(f) = 3*f - 1. Calculate k(10).
29
Let o(m) = m**2 + 31*m + 250. Give o(-12).
22
Let z(j) = -j**3 - 4*j**2 - j + 1. Give z(-3).
-5
Let z(y) = y**2 - 8*y - 8. Determine z(8).
-8
Let u(a) = -a**3 - 4*a**2 + 10*a + 11. What is u(-6)?
23
Let o(d) = -d**3 + 8*d**2 - 8*d + 16. Give o(7).
9
Let c(a) = -a**2 + 11. What is c(0)?
11
Let h(t) = -5*t**2 + 22*t - 7. Determine h(4).
1
Let h(w) = -5*w**2 + 72*w + 55. Give h(15).
10
Let l(b) = -8*b - 139. Give l(-18).
5
Let q(u) = -2*u**2 + 7*u + 2. What is q(8)?
-70
Let m(i) = -i**3 - 5*i**2 + 9*i + 9. Give m(-6).
-9
Let w(j) = -2*j**2 + 1. Calculate w(-1).
-1
Let d(g) = -g**3 + 2*g**2 + 2. What is d(0)?
2
Let p(t) = t**2 - 6*t - 8. What is p(6)?
-8
Let c(y) = -y**3 - 13*y**2 - y - 7. Determine c(-13).
6
Let d(k) = 5*k**2 - k. Give d(1).
4
Let x(s) = s - 6. Give x(0).
-6
Let u(i) = -i**3 + 14*i**2 + 15*i - 12. Determine u(15).
-12
Let w(g) = -g**2 - 11*g - 10. Calculate w(-9).
8
Let m(g) = g**3 + 7*g**2 - 21*g - 154. Calculate m(-7).
-7
Let v(m) = -10*m + 63. Determine v(6).
3
Let u(i) = -i**2 + 13*i - 29. Calculate u(3).
1
Let q(h) = 11*h + 9. Calculate q(-2).
-13
Let w(t) = t**3 - 2*t**2 - 5*t - 1. Calculate w(-2).
-7
Let f(m) = m**3 + 5*m**2 - 13*m + 4. Determine f(-6).
46
Let z(t) = t**2 + 26*t + 27. Calculate z(-25).
2
Let s(v) = -5*v**3 - 35*v**2 - 6*v - 45. Calculate s(-7).
-3
Let u(o) = -10*o**2 - 2*o. What is u(-1)?
-8
Let d(f) = 12*f**2 + 30*f - 13. Determine d(-3).
5
Let c(g) = 3*g + 8. What is c(-8)?
-16
Let s(o) = 29*o - 1. What is s(-1)?
-30
Let q(x) = -110*x + 992. Calculate q(9).
2
Let u(t) = 5*t + 46. Calculate u(-9).
1
Let m(b) = b**3 - 6*b**2 + 4*b + 1. Give m(4).
-15
Let o(h) = -h - 1. What is o(-3)?
2
Let t(n) = n**2 + 10*n + 11. Give t(-10).
11
Let v(g) = 20*g - 113. Determine v(6).
7
Let b(j) = -6*j**2 - 38*j - 1. Give b(-4).
55
Let p(j) = j**3 + 9*j**2 - 9*j - 1. Calculate p(-10).
-11
Let q(c) = c**2 - 8*c + 17. Give q(7).
10
Let w(l) = l**3 + 6*l**2 - 3*l - 7. Calculate w(-6).
11
Let n(t) = -4*t**3 - 3*t**2 - 2*t - 1. Determine n(-2).
23
Let y(q) = -8*q**2 + 42*q + 11. Calculate y(5).
21
Let n(u) = -u**2 + 14*u + 3. Determine n(15).
-12
Let t(o) = -o**3 + 20*o**2 + 6*o - 23. What is t(20)?
97
Let v(h) = h**2 - 4*h - 16. Give v(-3).
5
Let i(v) = -v**3 + 3*v**2 - v - 1. What is i(3)?
-4
Let g(t) = t**2 + 3*t - 4. Calculate g(4).
24
Let y(s) = 42*s + 2. What is y(1)?
44
Let i(r) = -r**3 - r - 2. What is i(-3)?
28
Let g(j) = -j**2 - 12*j - 1. What is g(-8)?
31
Let q(g) = -g**3 - 3*g**2 + 4*g - 1. Give q(-4).
-1
Let m(y) = -y**2 - 31*y + 32. Determine m(-31).
32
Let b(w) = w**3 - 5*w**2 + 3*w - 3. Give b(5).
12
Let a(f) = -2*f**3 + 14*f**2 - 5*f - 8. What is a(6)?
34
Let u(r) = -4*r**2 - r + 1. Give u(1).
-4
Let m(n) = n**3 - 6*n**2 + 8*n - 5. What is m(5)?
10
Let a(g) = g**3 - 28*g**2 + 29*g - 60. What is a(27)?
-6
Let t(a) = -a*